uppose -252*z - 2311 = -253*z. List the prime factors of z.
2311
Suppose 3*b = -4*r + 6220, 0 = r + 5*b - 978 - 577. List the prime factors of r.
5, 311
List the prime factors of (406/(-8))/((-55)/660).
3, 7, 29
Suppose -6*t = 183 + 69. Let b = 90 + t. List the prime factors of b.
2, 3
Let l(p) = -138*p**3 + p**2 - 2*p - 2. Let i be l(-1). Let h = -65 + i. What are the prime factors of h?
2, 37
Let k be 1 - (-2 - (-4 - -3)). List the prime factors of 106/(-8)*k*-2.
53
Let q(t) = 19*t**2 + 11*t + 49. List the prime factors of q(-6).
23, 29
Let g = -10 + 14. Suppose -g = -4*k + 3*k. Suppose k*o = -5*f + 32, -4*o = -f + 11 + 5. What are the prime factors of f?
2
Suppose 0 = -21*l - 33*l + 141372. List the prime factors of l.
2, 7, 11, 17
Suppose 4*l - g = 17, l + 22 = -0*l - 5*g. Suppose -4*w + l*w + 22 = -5*c, -c - 2 = w. Suppose 0 = -5*f + f + 8, -58 = -w*q + 3*f. List the prime factors of q.
2
Suppose -5*b + 18 = -3*w, 3*b + 4*w + 2 = 6*b. Suppose b*h - 61 = -19. Suppose h*k - 15*k = -16. List the prime factors of k.
2
Let i(m) = -4*m**2 - 3*m - 2. Let g be i(-1). Let d be (-2)/(-6) - (-10)/(-3). List the prime factors of (g - -2)/(d/78).
2, 13
Let f = 477 + -113. Suppose 0*y = 4*y - f. List the prime factors of y.
7, 13
Suppose 0 = 44*n - 8*n - 20124. What are the prime factors of n?
13, 43
Let m = 5499 - 3640. List the prime factors of m.
11, 13
What are the prime factors of 780/(-45)*-12*3?
2, 3, 13
Let q(g) = -33*g**3 - 1. Let p be (-1)/2*(-1 + -3). Suppose -5 = 3*b + p*b. List the prime factors of q(b).
2
Let w = -1059 - -3165. List the prime factors of w.
2, 3, 13
Suppose 65 = 5*b + 5*g, 4*b - 25 = -5*g + 31. Suppose b*j + 153 = 10*j. What are the prime factors of j?
3, 17
Let p = -3130 + 5357. List the prime factors of p.
17, 131
Suppose 11 + 1 = l. Let r be (-3)/(l/(-8) + 3). What are the prime factors of 75/6*(4 + r)?
5
Suppose 0*s = 5*s - 3*t - 5, 2*s - 3*t = -7. Suppose -9*k + 160 = -s*k. List the prime factors of k.
2
Suppose 18*m - 11*m = 5215. What are the prime factors of m?
5, 149
Suppose v - t - 18 = 284, 2*t - 302 = -v. What are the prime factors of v?
2, 151
Let l = -5383 + 10299. What are the prime factors of l?
2, 1229
Suppose 2*l + 6 = 0, 2*l + 1 = -3*q + 4. Suppose 0 = q*w - 77 - 40. What are the prime factors of w?
3, 13
Suppose -o = -3*y + 24 + 5, 20 = 4*y. Let q = -14 - o. Suppose q = -6*g + g + 170. What are the prime factors of g?
2, 17
Let q(x) = -x**2 + 10*x - 6. Let p be q(9). Suppose 3*f = -v - 6, -24 = -5*v + 6*f - p*f. What are the prime factors of v?
3
Suppose 389 = 3*a - 3*i + 7*i, 4*a + 5*i - 520 = 0. Let v = a + -101. What are the prime factors of v?
2, 17
Let c = 17 - 11. Suppose s = 4*s - c. What are the prime factors of ((-3)/s)/(3/(-30))?
3, 5
Let x = 10 + -10. Let o(n) = -n - 1. Let v(k) = -k**3 + 5*k - 10. Let u(a) = -6*o(a) - v(a). List the prime factors of u(x).
2
Suppose -8*d + 2803 = -4117. What are the prime factors of d?
5, 173
Let f = -194 - -305. What are the prime factors of f?
3, 37
Suppose 0 = z + 2*q - 812, -q + 3213 = 99*z - 95*z. What are the prime factors of z?
2, 401
List the prime factors of (-4 + -342)*9/(-6).
3, 173
What are the prime factors of 212 + -4 + 2 + -7?
7, 29
Let m(u) = 2*u**2 - 5*u - 11. Let y be m(5). Let r = -12 + y. Suppose -2*a + l = 0, l + r*l = a + 10. What are the prime factors of a?
2
Suppose 3*y = -2*y + 15. Suppose 12 = 4*l + 4*n, -5*l + l + 9 = y*n. Suppose c - 6*c + 170 = l. List the prime factors of c.
2, 17
Let o be (-18)/(-27)*(226 + -3 + 5). Let k = o + -45. What are the prime factors of k?
107
Suppose 5*o + 330 = -5*q, -2*q - 68 = -o + 2*o. Let z = -31 - o. Suppose 5*i - 52 = -3*v, v + 3*i - z = -v. What are the prime factors of v?
3
Let f(g) = -119*g - 443. List the prime factors of f(-19).
2, 3, 101
Let w(p) = 129*p**2 + 6*p + 8. What are the prime factors of w(-2)?
2
Let z be 4 + 0 + -2 + 1. Suppose -3*j = z*j - 18. Suppose -21 + 132 = j*p. List the prime factors of p.
37
Suppose 5*v + 4 = a, -2*a = 5*v - 50 + 12. List the prime factors of a.
2, 7
Let b(j) = 3*j**2 + 3*j + 1. Let c be 24/(-16)*(-4)/2. Suppose -t - 10 = -2*g - c*t, 0 = 4*g - t - 10. What are the prime factors of b(g)?
37
Suppose -3 = -3*g + 4*g. Let t be (21*-1 - g)*1. Let s = t - -27. What are the prime factors of s?
3
Let b(p) = -p**2 + 4*p + 5. Let w be b(4). Suppose -q = -w*q + 184. What are the prime factors of q?
2, 23
Suppose 0 = -0*u + u - 14. Let q be (-11 + 7)*u/(-4). Suppose 5*t = q + 26. List the prime factors of t.
2
Let h(k) = -1559*k - 495. What are the prime factors of h(-3)?
2, 3, 17, 41
Suppose 137*c - 130*c - 4410 = 0. List the prime factors of c.
2, 3, 5, 7
Let x = -174 + 65. Let s = -77 - x. Suppose 4*k + 2*c = 238, -k + s = -0*k - 5*c. List the prime factors of k.
3, 19
Suppose -40*t = -88110 - 25250. List the prime factors of t.
2, 13, 109
Suppose 3*l + 3*a + 8431 = 7*l, -4*a + 4210 = 2*l. List the prime factors of l.
7, 43
Let a be 284/10 - 15/50*-2. Suppose -5*o + 54 - a = 0. What are the prime factors of o?
5
Let r = 685 - 477. List the prime factors of r.
2, 13
Let n(p) = p - 3. Let y = 2 - -1. Let q be n(y). Suppose q = r - 5*o - 28, 0 = -5*r - 4*o + o + 28. What are the prime factors of r?
2
Let m = 789 - 431. What are the prime factors of m?
2, 179
Suppose 2*h + 3*o = 1579, o - 8 = -13. What are the prime factors of h?
797
Let f(y) = 3*y. Let j be f(1). Suppose -j*m + 8*m = 420. List the prime factors of m.
2, 3, 7
Suppose 1311*t - 1315*t = -288. List the prime factors of t.
2, 3
Suppose -3*u + 4*z - 193 = 43, u = -z - 74. Let l = u - -148. What are the prime factors of l?
2, 3
List the prime factors of -5*(5 - 7)*22.
2, 5, 11
Let n(v) be the second derivative of -v**5/20 + 3*v**4/4 - v**2 - 4*v. List the prime factors of n(5).
2, 7
Let o(w) = 4 - 5 + w - 9 - 21*w. Let r be o(-7). Suppose 4*i + 2*s = r, -i - s - s + 34 = 0. What are the prime factors of i?
2
Suppose -3*b - 11 + 8 = 0. Let l(a) = -5*a**2 - 1. Let r be l(b). Let p(y) = 2*y + 16. What are the prime factors of p(r)?
2
What are the prime factors of (416/(-10))/(((-36)/(-260))/(-9))?
2, 13
Let m = 53 + -58. Let k(s) = -17*s - 9. What are the prime factors of k(m)?
2, 19
Let i = 21 + -18. Let p(x) = -x + 5. Let t be p(5). Suppose t = 2*w + i*n - 39, 0 = -3*w + 2*n - 3*n + 69. What are the prime factors of w?
2, 3
Suppose -t - 6 = 8. What are the prime factors of (t/6)/((-3)/9)?
7
Let f(o) = 26*o + 97. List the prime factors of f(14).
461
Let w(a) = -5*a + 3. Let y be w(3). What are the prime factors of ((-8)/y)/((-3)/(-369))?
2, 41
Suppose 4*h = -c + 184, 4*c + 184 = -h + 5*h. Let t be (-6)/11 + (-952)/(-374). List the prime factors of h - (3 + -1)/t.
3, 5
Let a be 4/(-10) - 112/(-5). Let k be (3/2)/(36/48). What are the prime factors of k/(-4)*-1*a?
11
Let r(j) = j**2 - 20*j + 74. List the prime factors of r(-32).
2, 11, 79
Suppose q + 4*c = -4*q + 85, -3*q = -5*c - 51. Suppose 0 = 4*n - 241 + q. What are the prime factors of n?
2, 7
Let b = 9 + -5. Suppose -3*p - 3*l + 54 = 0, -4*l - 2 = -p - 9*l. Suppose 0 = b*o - 3*f - p - 82, 0 = 5*o - 4*f - 130. What are the prime factors of o?
2, 13
List the prime factors of 1668 - (-6 - (-7 + 7)).
2, 3, 31
Let c = -71 - -107. Let h = c - 14. What are the prime factors of h?
2, 11
Suppose 0 = 12*v - 4604 + 572. Let r = v - 185. What are the prime factors of r?
151
Suppose -144 = -9*r + 162. What are the prime factors of r?
2, 17
Let o be 3/(-1 - 26/(-24)). Let f = 80 + -91. Let d = o - f. List the prime factors of d.
47
Suppose 8 + 5 = 3*a + 4*p, -3*p + 9 = 2*a. Suppose -2*c + 36 = 4*o - 7*c, -o - a*c + 26 = 0. List the prime factors of o.
2, 7
Let m = -21 - -35. Let q = m + -18. List the prime factors of -21*q/6*1.
2, 7
Let d = 6572 + -2666. List the prime factors of d.
2, 3, 7, 31
Suppose 4*a - a = 15. Suppose -a*l - 22 = -7. List the prime factors of (-2)/(-2*l/(-36)).
2, 3
Let k(g) = 28*g**2 - 8*g - 15. What are the prime factors of k(-3)?
3, 29
Suppose -m - 31 = 50. Let l = m - -288. What are the prime factors of l?
3, 23
What are the prime factors of (-36 - -72)/((-9)/(-1158))?
2, 3, 193
What are the prime factors of (2364/(-48))/(1/(-4))?
197
Let s = 16 + -12. Suppose s*b - 15 = 9. List the prime factors of b/(3/((-33)/(-2))).
3, 11
Let s be (